{"id":857,"date":"2019-05-29T14:30:14","date_gmt":"2019-05-29T14:30:14","guid":{"rendered":"http:\/\/freundeskreis-asyl-pliezhausen.de\/?page_id=857"},"modified":"2019-10-08T13:37:51","modified_gmt":"2019-10-08T13:37:51","slug":"cafe-international-3","status":"publish","type":"page","link":"http:\/\/freundeskreis-asyl-pliezhausen.de\/?page_id=857","title":{"rendered":"Caf\u00e9 International"},"content":{"rendered":"\n<p><strong>N\u00e4chster Termin:<\/strong><br>10.10. letztmalig im Greut. Die folgenden Termine wieder donnerstags im Caf\u00e9 K\u00e4nnle (Siehe unter Termine)<strong><br> <\/strong>Alle sind herzlich eingeladen!<br> <strong><em>Wir freuen uns auf viele Besucher*innen<\/em><\/strong><\/p>\n\n\n\n<figure class=\"wp-block-image\"><a href=\"http:\/\/freundeskreis-asyl-pliezhausen.de\/\"><img decoding=\"async\" src=\"http:\/\/freundeskreis-asyl-pliezhausen.de\/wp-content\/uploads\/2019\/04\/LogoalsGrafik.jpg\" alt=\"Freundeskreis Asyl Pliezhausen\"\/><\/a><\/figure>\n","protected":false},"excerpt":{"rendered":"<p>N\u00e4chster Termin:10.10. letztmalig im Greut. Die folgenden Termine wieder donnerstags im Caf\u00e9 K\u00e4nnle (Siehe unter Termine) Alle sind herzlich eingeladen! Wir freuen uns auf viele Besucher*innen<\/p>\n","protected":false},"author":1,"featured_media":0,"parent":0,"menu_order":2,"comment_status":"closed","ping_status":"closed","template":"","meta":{"footnotes":""},"class_list":["post-857","page","type-page","status-publish","hentry"],"_links":{"self":[{"href":"http:\/\/freundeskreis-asyl-pliezhausen.de\/index.php?rest_route=\/wp\/v2\/pages\/857","targetHints":{"allow":["GET"]}}],"collection":[{"href":"http:\/\/freundeskreis-asyl-pliezhausen.de\/index.php?rest_route=\/wp\/v2\/pages"}],"about":[{"href":"http:\/\/freundeskreis-asyl-pliezhausen.de\/index.php?rest_route=\/wp\/v2\/types\/page"}],"author":[{"embeddable":true,"href":"http:\/\/freundeskreis-asyl-pliezhausen.de\/index.php?rest_route=\/wp\/v2\/users\/1"}],"replies":[{"embeddable":true,"href":"http:\/\/freundeskreis-asyl-pliezhausen.de\/index.php?rest_route=%2Fwp%2Fv2%2Fcomments&post=857"}],"version-history":[{"count":7,"href":"http:\/\/freundeskreis-asyl-pliezhausen.de\/index.php?rest_route=\/wp\/v2\/pages\/857\/revisions"}],"predecessor-version":[{"id":889,"href":"http:\/\/freundeskreis-asyl-pliezhausen.de\/index.php?rest_route=\/wp\/v2\/pages\/857\/revisions\/889"}],"wp:attachment":[{"href":"http:\/\/freundeskreis-asyl-pliezhausen.de\/index.php?rest_route=%2Fwp%2Fv2%2Fmedia&parent=857"}],"curies":[{"name":"wp","href":"https:\/\/api.w.org\/{rel}","templated":true}]}}